 Give m(-21).
-397
Let h(w) = 53*w**3 - 3*w**2 - 3*w + 15. What is h(-2)?
-415
Let l(y) = -61*y - 1182. What is l(-19)?
-23
Let f(g) = g**3 - 15*g**2 - 4*g + 34. Calculate f(15).
-26
Let j(f) = f**3 + 104*f**2 - 4523*f - 288. Determine j(-137).
-14
Let k(g) = g**3 - 18*g**2 + 8*g + 46. What is k(11)?
-713
Let y(t) = -t**2 + 45*t - 302. What is y(10)?
48
Let z(s) = s**3 + 7*s**2 - 16*s + 11. Give z(1).
3
Let z(w) = -324*w**2 + 647*w - 4. Calculate z(2).
-6
Let p(v) = 10*v**3 + 558*v**2 - 109*v + 161. Calculate p(-56).
-7
Let p(h) = 105*h + 1781. What is p(-17)?
-4
Let g(i) = 52*i + 161. Determine g(0).
161
Let v(n) = 3*n**2 + 4*n - 121. Calculate v(-14).
411
Let n(c) = -5*c**2 + 35*c - 6. Calculate n(7).
-6
Let p(b) = -5*b**2 + 5*b - 3. Give p(2).
-13
Let g(t) = 44*t - 3852. Give g(89).
64
Let d(q) = q**3 - 10*q**2 + 16*q - 37. Give d(9).
26
Let f(m) = 603*m + 1805. Calculate f(-3).
-4
Let j(z) = z**2 + 89*z + 1917. Calculate j(-47).
-57
Let c(z) = -35*z + 598. Determine c(16).
38
Let c(d) = -16*d**3 - 44*d**2 + 18*d + 20. What is c(-3)?
2
Let m(y) = -8*y**2 - 93*y - 271. Give m(-6).
-1
Let r(k) = 14*k**2 - 10*k - 17. Give r(2).
19
Let v(d) = d**3 - 71*d**2 + 459*d - 56. Determine v(7).
21
Let k(y) = 9*y - 154. Give k(-9).
-235
Let h(v) = 27*v + 588. Calculate h(-20).
48
Let r(f) = 21*f - 414. Determine r(21).
27
Let f(b) = 29*b + 2577. Determine f(-89).
-4
Let g(p) = p**3 - 5*p**2 - 747*p + 5136. What is g(7)?
5
Let h(x) = x**3 + 25*x**2 + 3*x + 146. What is h(-25)?
71
Let f(o) = -4*o**2 - 443*o - 11301. Give f(-71).
-12
Let c(o) = 17*o**2 + 188*o + 190. Calculate c(-10).
10
Let o(z) = 77*z**3 + 6*z**2 - 46*z - 47. Calculate o(-1).
-72
Let o(s) = 2*s**3 - 11*s**2 - 14*s + 101. Determine o(5).
6
Let v(c) = 154*c - 10038. Give v(65).
-28
Let p(c) = -747*c - 13453. Calculate p(-18).
-7
Let j(y) = -1211*y + 4847. Determine j(4).
3
Let j(d) = 2*d**3 - 7*d**2 - 2*d - 4. What is j(4)?
4
Let p(l) = -19*l + 383. Determine p(21).
-16
Let j(q) = -2*q**3 + 85*q**2 + 1241*q + 59. Determine j(54).
5
Let w(t) = -4*t**3 + 8*t**2 - 10*t - 50. Determine w(5).
-400
Let t(b) = -576*b + 110597. What is t(192)?
5
Let m(v) = -100*v + 289. What is m(7)?
-411
Let a(l) = l**3 - 19*l**2 + 12. What is a(4)?
-228
Let a(p) = 45*p - 4306. What is a(96)?
14
Let s(y) = -y**3 - 92*y**2 - 360*y - 706. What is s(-88)?
-2
Let r(x) = x**3 - 23*x**2 - 25*x + 7. What is r(24)?
-17
Let a(q) = -19*q**2 - 46*q + 58. Calculate a(-8).
-790
Let k(o) = -62*o - 3. Give k(-1).
59
Let h(x) = -53*x + 833. Give h(18).
-121
Let t(p) = -102*p - 569. What is t(-6)?
43
Let l(r) = 67*r**2 + 32*r + 27. Determine l(-1).
62
Let s(a) = -a**3 - 7*a**2 + 30*a + 133. Calculate s(-9).
25
Let j(b) = -b**3 - 12*b**2 - 31*b - 217. Determine j(-11).
3
Let q(u) = 4*u**2 + 41*u - 6. Give q(-9).
-51
Let b(a) = -14*a + 61. Calculate b(23).
-261
Let a(x) = -3*x**2 + 138*x + 32. What is a(45)?
167
Let c(p) = p**2 - 5*p - 874. Give c(-30).
176
Let h(w) = -w**2 + 116*w - 1051. What is h(10)?
9
Let k(t) = -13*t**2 + 235*t - 228. Calculate k(17).
10
Let s(q) = -q**3 - 22*q**2 - 75*q - 360. Determine s(-18).
-306
Let f(n) = -792*n - 2378. Determine f(-3).
-2
Let v(l) = 620*l - 61992. Determine v(100).
8
Let n(o) = -7959*o + 214897. What is n(27)?
4
Let a(c) = c**2 - 26*c - 21. Calculate a(22).
-109
Let r(s) = -35*s + 36. Calculate r(-1).
71
Let o(b) = b**2 + 2*b - 35. Calculate o(4).
-11
Let x(h) = -2348*h - 49310. Determine x(-21).
-2
Let n(t) = t**2 + 58*t + 310. Give n(-52).
-2
Let m(b) = -b**3 - 16*b**2 + 139*b + 2079. Calculate m(-17).
5
Let a(m) = -m**2 + 10*m + 1063. What is a(38)?
-1
Let d(q) = 54*q - 734. Calculate d(14).
22
Let c(y) = -4*y**2 - 92*y - 144. Determine c(-21).
24
Let t(c) = -102*c - 738. What is t(-7)?
-24
Let p(x) = -x**2 + 267*x + 1420. Determine p(-5).
60
Let p(i) = -96*i - 715. Calculate p(-7).
-43
Let x(c) = 416*c - 21620. Calculate x(52).
12
Let w(l) = 79*l - 247. What is w(3)?
-10
Let m(a) = -146*a**2 + 156*a - 15. Give m(1).
-5
Let c(g) = 18*g - 646. Determine c(38).
38
Let t(f) = -26*f**2 + 9*f - 7. Determine t(1).
-24
Let t(x) = 3*x**2 - 48*x + 235. Calculate t(9).
46
Let k(x) = -386*x + 11. What is k(0)?
11
Let m(o) = 20*o**2 - o - 14. Determine m(-4).
310
Let a(d) = -34*d**2 + 72*d - 4. What is a(2)?
4
Let s(o) = o**3 + 29*o**2 - 76*o - 500. Give s(-31).
-66
Let s(q) = -6*q**2 + 11*q - 12. Give s(2).
-14
Let n(p) = 1318*p - 25037. What is n(19)?
5
Let t(x) = 113*x + 1140. Calculate t(-10).
10
Let k(z) = 7559*z + 22683. Calculate k(-3).
6
Let l(j) = 206*j - 4103. Give l(20).
17
Let p(m) = -3*m**3 - 34*m**2 + 65*m - 4. Determine p(2).
-34
Let a(j) = j**3 - 41*j**2 - 44*j + 75. Determine a(42).
-9
Let c(g) = g**3 + 2*g**2 - 1022*g - 1023. Give c(-1).
0
Let y(h) = 114*h - 39. Calculate y(-2).
-267
Let t(u) = -u**2 + 1912*u + 34751. Give t(-18).
11
Let q(c) = c**2 - 88*c - 403. What is q(85)?
-658
Let v(d) = 94*d + 1790. Give v(-19).
4
Let z(u) = 493*u + 4182. Calculate z(-8).
238
Let t(v) = -2*v**2 + 16*v - 4. Calculate t(6).
20
Let f(b) = 6*b**2 + 19*b - 318. Calculate f(12).
774
Let j(n) = -4*n + 263. Calculate j(66).
-1
Let v(w) = -w**3 + 6*w**2 - 387*w + 1915. Determine v(5).
5
Let u(k) = -15*k - 34. Give u(-10).
116
Let x(b) = 274*b - 11784. What is x(43)?
-2
Let u(q) = q**3 - 4*q**2 - 565*q + 139. Give u(-22).
-15
Let q(c) = -9272*c + 27802. Calculate q(3).
-14
Let z(f) = 38*f - 1019. Determine z(27).
7
Let b(v) = -v**3 + 12*v**2 + 17*v - 54. Calculate b(13).
-2
Let g(z) = z**3 - 8*z**2 + 4*z + 6. Give g(7).
-15
Let c(b) = b**2 - 27*b + 181. Give c(12).
1
Let d(y) = y**2 - 337*y + 1976. Calculate d(6).
-10
Let z(c) = -c**2 - 283*c - 12348. Determine z(-54).
18
Let m(y) = -7*y**2 + 322*y - 4. What is m(46)?
-4
Let o(v) = 17*v**2 - 14*v. Determine o(-1).
31
Let d(c) = c**3 + 13*c**2 - 43*c - 4. Give d(4).
96
Let i(t) = -t**3 + 58*t**2 + 459*t - 260. What is i(65)?
0
Let m(l) = -5253*l - 5256. Determine m(-1).
-3
Let n(o) = -1645*o + 9852. Calculate n(6).
-18
Let d(b) = b**2 - 156*b + 1193. What is d(8)?
9
Let b(p) = -2*p**2 + 86*p - 319. Calculate b(4).
-7
Let j(n) = n**3 + 7*n**2 + 17*n + 6. Give j(-5).
-29
Let l(a) = 124*a + 125. What is l(-1)?
1
Let d(w) = -100*w + 18302. Calculate d(183).
2
Let w(g) = 5*g**3 - 34*g**2 - 23*g + 108. Calculate w(7).
-4
Let o(f) = -531*f + 192. Give o(0).
192
Let s(l) = -2*l**3 - 8*l**2 - l - 46. What is s(-7)?
255
Let l(a) = -39*a - 198. Give l(-16).
426
Let q(f) = 873*f + 1752. What is q(-2)?
6
Let j(w) = -10*w**3 + w**2 + 12*w + 19. Calculate j(-2).
79
Let b(y) = -31*y**2 + 498*y + 2. Determine b(16).
34
Let y(b) = 13*b**2 + 22*b + 1. What is y(-4)?
121
Let r(n) = -334*n - 993. Give r(-3).
9
Let c(p) = -118*p + 532. What is c(7)?
-294
Let o(v) = 10*v**3 - 81*v**2 + 3*v + 44. Determine o(8).
4
Let v(c) = -c**2 - 14*c + 398. Calculate v(-27).
47
Let m(g) = 6*g**2 + 185*g + 765. What is m(-26)?
11
Let s(b) = 16*b**2 - 6*b - 2. Calculate s(3).
124
Let z(f) = -f**2 - 20*f + 39. What is z(9)?
-222
Let k(n) = -134*n + 6950. Calculate k(52).
-18
Let t(k) = 406*k - 2432. Determine t(6).
4
Let j(o) = 113*o - 959. Calculate j(8).
-55
Let n(i) = 47*i**2 - 708*i + 49. Give n(15).
4
Let k(l) = -l**3 + 249*l**2 + 29*l - 7223. Calculate k(249).
-2
Let z(v) = 139*v - 1221. Give z(8).
-109
Let i(b) = -2*b**2 + 164*b - 1558. Determine i(71).
4
Let c(k) = -k**2 - 268*k - 1351. Calculate c(-5).
-36
Let r(v) = -1185*v - 2368. Give r(-2).
2
Let h(i) = -i**3 + 27*i**2 + 156*i - 4201. Determine h(27).
11
Let z(v) = -2*v**2 + 99*v + 271. What is z(52)?
11
Let c(l) = -l**3 + 4*l**2 - 2*l - 109. Determine c(0).
-109
Let b(m) = m**3 + 42*m**2 - 93*m - 118. Give b(-44).
102
Let r(w) = w**3 + 3*w**2 - 18*w + 2. Calculate r(4).
42
Let k(r) = r**2 + 27*r - 287. Calculate k(8).
-7
Let p(b) = -27*b**3 - 8*b**2 + 23*b - 9. What is p(2)?
-211
Let z(b) = 27*b**3 + 3*b**2 - 11*b - 14. Calculate z(-1).
-27
Let t(x) = 2*x**3 - 289*x**2 - 124*x - 3049. What is t(145)?
-4
Let a(c) = -21*c**2 + 3297*c - 6. Give a(157).
-6
Let x(z) = -629*z + 2521. Give x(4).
5
Let h(k) = 4*k**3 + 34*k**2 - 114*k + 4. What is h(3)?
76
Let m(t) = 17*t - 1201. Calculate m(71).
6
Let u(f) = f**3 + 12*f**2 - 9*f + 251. What is u(-14)?
-15
Let n(v) = -36*v + 109. Determine n(8).
-179
Let t(a) = -6752*a - 47267